{"id":4,"date":"2016-06-29T07:52:49","date_gmt":"2016-06-29T07:52:49","guid":{"rendered":"http:\/\/localhost\/~og\/hagenthaler_oel\/?page_id=4"},"modified":"2016-08-04T12:02:11","modified_gmt":"2016-08-04T10:02:11","slug":"home","status":"publish","type":"page","link":"http:\/\/www.hoffmann-partner.at\/hagenthaleroel\/","title":{"rendered":"home"},"content":{"rendered":"<div tabindex=\"0\" class=\"cycloneslider cycloneslider-template-standard cycloneslider-width-responsive\" id=\"cycloneslider-slider-1\" style=\"max-width:980px\" > <div class=\"cycloneslider-slides cycle-slideshow\" data-cycle-allow-wrap=\"true\" data-cycle-dynamic-height=\"off\" data-cycle-auto-height=\"980:578\" data-cycle-auto-height-easing=\"null\" data-cycle-auto-height-speed=\"250\" data-cycle-delay=\"0\" data-cycle-easing=\"\" data-cycle-fx=\"fade\" data-cycle-hide-non-active=\"true\" data-cycle-log=\"false\" data-cycle-next=\"#cycloneslider-slider-1 .cycloneslider-next\" data-cycle-pager=\"#cycloneslider-slider-1 .cycloneslider-pager\" data-cycle-pause-on-hover=\"true\" data-cycle-prev=\"#cycloneslider-slider-1 .cycloneslider-prev\" data-cycle-slides=\"&gt; div\" data-cycle-speed=\"1000\" data-cycle-swipe=\"1\" data-cycle-tile-count=\"7\" data-cycle-tile-delay=\"100\" data-cycle-tile-vertical=\"true\" data-cycle-timeout=\"4000\" > <div class=\"cycloneslider-slide cycloneslider-slide-image\" > <img decoding=\"async\" src=\"http:\/\/www.hoffmann-partner.at\/hagenthaleroel\/wp-content\/uploads\/2016\/07\/slide1.jpg\" alt=\"\" title=\"\" \/> <\/div> <div class=\"cycloneslider-slide cycloneslider-slide-image\" > <img decoding=\"async\" src=\"http:\/\/www.hoffmann-partner.at\/hagenthaleroel\/wp-content\/uploads\/2016\/07\/slide2.jpg\" alt=\"\" title=\"\" \/> <\/div> <div class=\"cycloneslider-slide cycloneslider-slide-image\" > <img decoding=\"async\" src=\"http:\/\/www.hoffmann-partner.at\/hagenthaleroel\/wp-content\/uploads\/2016\/08\/slide4.jpg\" alt=\"\" title=\"\" \/> <\/div> <div class=\"cycloneslider-slide cycloneslider-slide-image\" > <img decoding=\"async\" src=\"http:\/\/www.hoffmann-partner.at\/hagenthaleroel\/wp-content\/uploads\/2016\/07\/slide3.jpg\" alt=\"\" title=\"\" \/> <\/div> <\/div> <div class=\"cycloneslider-pager\"><\/div> <a href=\"#\" class=\"cycloneslider-prev\"> <span class=\"arrow\"><\/span> <\/a> <a href=\"#\" class=\"cycloneslider-next\"> <span class=\"arrow\"><\/span> <\/a> <\/div>\n<section id=\"content\">\n<article id=\"banner\">\n<h1>Gepresst von Sonne und Wind.<\/h1>\n<div class=\"group\">\n<ul class=\"half\">\n<li>100% BIO<\/li>\n<li>100% Strom aus eigener Wind- und Sonnenenergie<\/li>\n<\/ul>\n<ul class=\"half\">\n<li>100% \u00d6sterreich<\/li>\n<li>100% Genuss<\/li>\n<\/ul>\n<\/div>\n<\/article>\n<article class=\"group\">\n<div class=\"half more\">\n<p><img loading=\"lazy\" decoding=\"async\" class=\"alignnone size-medium wp-image-40\" src=\"http:\/\/localhost\/~og\/hagenthaler_oel\/wp-content\/uploads\/2016\/06\/start1-300x184.jpg\" alt=\"start1\" width=\"400\" height=\"245\" data-id=\"40\" srcset=\"http:\/\/www.hoffmann-partner.at\/hagenthaleroel\/wp-content\/uploads\/2016\/06\/start1-300x184.jpg 300w, http:\/\/www.hoffmann-partner.at\/hagenthaleroel\/wp-content\/uploads\/2016\/06\/start1.jpg 400w\" sizes=\"auto, (max-width: 400px) 100vw, 400px\" \/><\/p>\n<h2>Zeit f\u00fcr Lebensqualit\u00e4t.<\/h2>\n<p>Schneckenpresse. Schon der Name sagt\u2019s: Die Erzeugung erstklassiger kaltgepresster Speise\u00f6le braucht ihre Zeit. Und die geben wir ihr gerne. Denn Qualit\u00e4t in jeder Hinsicht ist untrennbar mit Gelassenheit, mit Geduld, mit dem Gew\u00e4hren von Zeit verbunden.Die \u00d6lsaaten der Biobauern werden schonend kaltgepresst. Unsere Schneckenpresse setzt auf mechanische, sehr langsame Weise Tropfen f\u00fcr Tropfen die wertvolle Essenz der Bio-\u00d6lsaaten frei. Danach darf das \u00d6l ruhen, bis sich ein Bodensatz gebildet hat. Das klare \u00d6l wird von Hand in Flaschen abgef\u00fcllt und etikettiert. Und schlie\u00dflich an regionale Bio-, Feinkost- und Bauernl\u00e4den sowie die gehobene Gastronomie geliefert.Den verbleibenden Presskuchen verf\u00fcttern die Biobauern an ihre Tiere, deren Mist wiederum als Biod\u00fcnger aufs Feld aufgebracht wird: Der Kreislauf ist geschlossen.<\/p>\n<\/div>\n<div class=\"half more\">\n<p><img loading=\"lazy\" decoding=\"async\" class=\"alignnone size-medium wp-image-41\" src=\"http:\/\/localhost\/~og\/hagenthaler_oel\/wp-content\/uploads\/2016\/06\/start2-300x184.jpg\" alt=\"start2\" width=\"400\" height=\"245\" data-id=\"41\" srcset=\"http:\/\/www.hoffmann-partner.at\/hagenthaleroel\/wp-content\/uploads\/2016\/06\/start2-300x184.jpg 300w, http:\/\/www.hoffmann-partner.at\/hagenthaleroel\/wp-content\/uploads\/2016\/06\/start2.jpg 400w\" sizes=\"auto, (max-width: 400px) 100vw, 400px\" \/><\/p>\n<h2>N\u00e4he als Auftrag.<\/h2>\n<p>N\u00e4he ist uns wichtig. N\u00e4he zu den Menschen, f\u00fcr die wir unser \u00d6l erzeugen. N\u00e4he der Biobauern, die uns mit den \u00d6lsaaten beliefern. Und: N\u00e4he der Energieerzeugung. Denn das Prinzip der Regionalit\u00e4t hilft, unn\u00f6tige Umweltbelastungen zu vermeiden. Wer Transportwege reduziert, hilft mit, die Natur intakt zu halten. Dieses Denken bestimmt unser Handeln.<br \/>\n<span class=\"bold\"><strong>Deshalb gewinnen wir die Energie f\u00fcr unsere \u00d6lpresse selbst.<\/strong><strong> Und beziehen die Bio-\u00d6lsaaten ausschlie\u00dflich aus der n\u00e4heren Umgebung.<br \/>\n<\/strong><\/span>Die Energie zum Antrieb der Schneckenpresse stammt aus unserer 20kW&nbsp;Photovoltaikanlage und einer Kleinwindkraftanlage. Sogar unser Firmenwagen f\u00e4hrt mit Strom aus eigener Erzeugung.<\/p>\n<\/div>\n<\/article>\n<\/section>\n<p><span style=\"border-radius: 2px; text-indent: 20px; width: auto; padding: 0px 4px 0px 0px; text-align: center; font: bold 11px\/20px 'Helvetica Neue',Helvetica,sans-serif; color: #ffffff; background: #bd081c no-repeat scroll 3px 50% \/ 14px 14px; position: absolute; opacity: 1; z-index: 8675309; display: none; cursor: pointer;\">Merken<\/span><\/p>\n<p><span style=\"border-radius: 2px; text-indent: 20px; width: auto; padding: 0px 4px 0px 0px; text-align: center; font: bold 11px\/20px 'Helvetica Neue',Helvetica,sans-serif; color: #ffffff; background: #bd081c no-repeat scroll 3px 50% \/ 14px 14px; position: absolute; opacity: 1; z-index: 8675309; display: none; cursor: pointer;\">Merken<\/span><\/p>\n<p><span style=\"border-radius: 2px; text-indent: 20px; width: auto; padding: 0px 4px 0px 0px; text-align: center; font: bold 11px\/20px 'Helvetica Neue',Helvetica,sans-serif; color: #ffffff; background: #bd081c no-repeat scroll 3px 50% \/ 14px 14px; position: absolute; opacity: 1; z-index: 8675309; display: none; cursor: pointer;\">Merken<\/span><\/p>\n<p><span style=\"border-radius: 2px; text-indent: 20px; width: auto; padding: 0px 4px 0px 0px; text-align: center; font: bold 11px\/20px 'Helvetica Neue',Helvetica,sans-serif; color: #ffffff; background: #bd081c no-repeat scroll 3px 50% \/ 14px 14px; position: absolute; opacity: 1; z-index: 8675309; display: none; cursor: pointer;\">Merken<\/span><\/p>\n<p><span style=\"border-radius: 2px; text-indent: 20px; width: auto; padding: 0px 4px 0px 0px; text-align: center; font: bold 11px\/20px 'Helvetica Neue',Helvetica,sans-serif; color: #ffffff; background: #bd081c no-repeat scroll 3px 50% \/ 14px 14px; position: absolute; opacity: 1; z-index: 8675309; display: none; cursor: pointer;\">Merken<\/span><\/p>\n<p><span style=\"border-radius: 2px; text-indent: 20px; width: auto; padding: 0px 4px 0px 0px; text-align: center; font: bold 11px\/20px 'Helvetica Neue',Helvetica,sans-serif; color: #ffffff; background: #bd081c  no-repeat scroll 3px 50% \/ 14px 14px; position: absolute; opacity: 0.85; z-index: 8675309; display: none; cursor: pointer; top: 813px; left: 20px;\">Merken<\/span><\/p>\n","protected":false},"excerpt":{"rendered":"Gepresst von Sonne und Wind. 100% BIO 100% Strom aus eigener Wind- und Sonnenenergie 100% \u00d6sterreich 100% Genuss Zeit f\u00fcr Lebensqualit\u00e4t. Schneckenpresse. Schon der Name sagt\u2019s: Die Erzeugung erstklassiger kaltgepresster Speise\u00f6le braucht ihre Zeit. Und die geben wir ihr gerne. Denn Qualit\u00e4t in jeder Hinsicht ist untrennbar mit Gelassenheit, mit Geduld, mit dem Gew\u00e4hren von&#8230; <a class=\"view-article\" href=\"http:\/\/www.hoffmann-partner.at\/hagenthaleroel\/\">Artikel ansehen<\/a>","protected":false},"author":3,"featured_media":0,"parent":0,"menu_order":0,"comment_status":"closed","ping_status":"closed","template":"","meta":{"footnotes":""},"class_list":["post-4","page","type-page","status-publish","hentry"],"_links":{"self":[{"href":"http:\/\/www.hoffmann-partner.at\/hagenthaleroel\/wp-json\/wp\/v2\/pages\/4","targetHints":{"allow":["GET"]}}],"collection":[{"href":"http:\/\/www.hoffmann-partner.at\/hagenthaleroel\/wp-json\/wp\/v2\/pages"}],"about":[{"href":"http:\/\/www.hoffmann-partner.at\/hagenthaleroel\/wp-json\/wp\/v2\/types\/page"}],"author":[{"embeddable":true,"href":"http:\/\/www.hoffmann-partner.at\/hagenthaleroel\/wp-json\/wp\/v2\/users\/3"}],"replies":[{"embeddable":true,"href":"http:\/\/www.hoffmann-partner.at\/hagenthaleroel\/wp-json\/wp\/v2\/comments?post=4"}],"version-history":[{"count":23,"href":"http:\/\/www.hoffmann-partner.at\/hagenthaleroel\/wp-json\/wp\/v2\/pages\/4\/revisions"}],"predecessor-version":[{"id":164,"href":"http:\/\/www.hoffmann-partner.at\/hagenthaleroel\/wp-json\/wp\/v2\/pages\/4\/revisions\/164"}],"wp:attachment":[{"href":"http:\/\/www.hoffmann-partner.at\/hagenthaleroel\/wp-json\/wp\/v2\/media?parent=4"}],"curies":[{"name":"wp","href":"https:\/\/api.w.org\/{rel}","templated":true}]}}